at is the remainder when y is divided by g?
0
Let s(f) = -3 + 4*f + 0*f - 6*f. Calculate the remainder when 0/(3 + 1) + 10 is divided by s(-3).
1
Suppose -2*k = -2*d + 18, -4*k + 0*k = -5*d + 40. Let r be (1 + k)/(2/36). Let c = -35 - r. Calculate the remainder when c is divided by 13.
11
Let i(h) be the first derivative of 2*h**3/3 - 5*h**2/2 + 2*h - 3. What is the remainder when (-4)/(-14) - 61/(-7) is divided by i(3)?
4
Suppose -g - 1114 = -193. Calculate the remainder when g/(-15) + (-8)/20 is divided by 16.
13
Suppose -5*n - 12 = -2*n. Let s = n + 21. Calculate the remainder when s is divided by 6.
5
Let h = 12 + -3. What is the remainder when (-46)/(-6) - 6/h is divided by 5?
2
Let l(o) = o**3 - 3*o**2 + 5*o - 3. Let a be l(4). Suppose -a = -3*f - 5*u, -3*f - 3*u - 15 = -7*f. What is the remainder when 16 is divided by f?
4
Suppose 210 = 18*a + 48. Calculate the remainder when 28 is divided by a.
1
Let m be ((-1)/(2/(-10)))/(-1). Let b = 3 - m. Suppose -136 = -5*v - 4*s + b*s, -2*v + 3*s + 53 = 0. Calculate the remainder when v is divided by 10.
8
Suppose 48*p - 136 = 40*p. What is the remainder when 66 is divided by p?
15
Let b be 20/5 + (-2)/(-1). Let o = -4 + b. Suppose o*q - 14 = 5*g + 10, -g - 2 = q. What is the remainder when 4 is divided by q?
0
Let v be 2/(-10) - 16/20. Let s = v - -1. Suppose -38 = -5*k + p, k - 8*p + 4*p = s. What is the remainder when 14 is divided by k?
6
Calculate the remainder when (1 - 2)/(2/(-28)) is divided by 6.
2
Let z(a) = a**2 + 6*a + 6. What is the remainder when 63 is divided by z(-8)?
19
Suppose 3*l = 8*l - 65. Calculate the remainder when (3 - (-6)/(-4))/((-2)/(-64)) is divided by l.
9
Let o = 30 + -11. Let c(q) = 2*q**3 - 2*q**2 - q + 3. What is the remainder when c(3) is divided by o?
17
Let f = -200 - -134. Suppose 2*w + 3*g = 8 + 167, 310 = 3*w - 5*g. Let p = f + w. What is the remainder when p is divided by 15?
14
Let b = 5 + 44. Let d(h) = 3*h - 25. What is the remainder when b is divided by d(14)?
15
Let g = -68 - -92. What is the remainder when 117 is divided by g?
21
Let w = -18 + 21. Suppose 3*g + 3*q - 31 = g, 0 = 3*g - w*q - 54. Let o = 9 + -3. Calculate the remainder when g is divided by o.
5
Let b = -64 - -45. Suppose -67 + 19 = 8*h. Let o = h - b. What is the remainder when 37 is divided by o?
11
Let b be (-32)/40*(-59 - 1). What is the remainder when ((-3)/(-2))/(9/b) is divided by 5?
3
What is the remainder when 104/18 + (-18)/(-81) is divided by 2?
0
Let p = 132 - 110. Calculate the remainder when 87 is divided by p.
21
Let w(n) = -13*n - 12. Suppose -x = 6 - 0. What is the remainder when w(x) is divided by 23?
20
Suppose -a - i - 6 = 0, -3*i = 5*a - 7*i + 12. Let x = a - -10. What is the remainder when 11 is divided by x?
5
Suppose -4*a = q - 2, -2*a + 16 = 4*q - 34. Calculate the remainder when 83 is divided by q.
13
Suppose -8 = -3*u + 1. Suppose -u*f = -8*f + 80. Calculate the remainder when 45 is divided by f.
13
Let w be ((-62)/(-4) - -2)*2. Let c = w - 25. Let j = 1 + 5. Calculate the remainder when c is divided by j.
4
Let u(i) = -i**2 - 12*i - 12. Calculate the remainder when 29 is divided by u(-10).
5
Let x = 29 + -26. Let p(k) = k + 8. Let g be p(-4). Suppose 3*q = -q + g*f - 8, -3*q + 2*f - 2 = 0. Calculate the remainder when x is divided by q.
1
Let k be 2/3 + (-26)/3. Let u be 6/k + 15/4. Suppose 0 = u*l + 3*x - 2*x - 41, x = 2. Calculate the remainder when l is divided by 7.
6
Let a(m) = 2*m**2 + 6*m - 3. What is the remainder when 203 is divided by a(2)?
16
Suppose -7*z = -2*z - 20. Suppose 5*n - 5*m - 240 = 0, -z*m + 23 = n - 0*n. What is the remainder when n is divided by 15?
13
Suppose q = v - 3*v + 162, -80 = -v - q. Calculate the remainder when v is divided by (-2)/(-9) + 10*(-50)/(-18).
26
Suppose 3*p = -4*m + 34, 6*p - p - 55 = -5*m. What is the remainder when ((10/(-6))/(-5))/(2/102) is divided by p?
7
Let p = -2 + 10. What is the remainder when p is divided by 4?
0
Suppose 2 + 38 = 2*f. What is the remainder when 47 is divided by (-13 + -2)*f/(-25)?
11
Suppose 0*u - 3 = 3*u. Let c be 135/12 - u/(-4). Let j = c + -7. Calculate the remainder when j is divided by 2.
0
Suppose 5*k = 10, -3*r + 193 = 3*k - k. Calculate the remainder when r is divided by 13.
11
Let x(u) = -4*u - 5. Calculate the remainder when x(-10) is divided by 12.
11
Let r(t) = -t**3 - 4*t**2 - 4*t - 6. What is the remainder when r(-4) is divided by ((-2)/4)/(1/(-12))?
4
What is the remainder when 113 is divided by 5/((-50)/(-235)) + (-1)/2?
21
Let t(h) = h**3 + h + 1. Let s(o) = 2*o**3 - 3*o**2 + 3*o + 1. Let c(u) = -s(u) + 3*t(u). What is the remainder when 9 is divided by c(-2)?
3
Let u = 4 + -8. Let n(a) = -a**2 + 11*a + 8. What is the remainder when 1/4 + (-211)/u is divided by n(10)?
17
Let u(g) = 13*g - 2. Let l be 3/((-4)/((-20)/3)). Suppose l*c - 13 = 4*c. What is the remainder when u(2) is divided by c?
11
Let r = 17 + 35. Let j = 139 - r. Suppose -4*w + 0*i + 3*i + j = 0, 5*i - 79 = -4*w. What is the remainder when w is divided by 11?
10
Let o = -67 + 84. Calculate the remainder when 49 is divided by o.
15
Let j = 118 - 56. What is the remainder when j is divided by 32?
30
Let z(o) = -3*o - 1. Let c be z(-5). Let g(u) = u**2 - 7*u + 9. What is the remainder when c/(-2*(-2 + 1)) is divided by g(6)?
1
Let m(y) = -10*y + 6. Calculate the remainder when m(-4) is divided by 12.
10
Let m be 2/(-2) - (-3)/3. Let o(f) = -4*f**2 - 1 + 2 - 4*f + m - 2*f**3. What is the remainder when o(-3) is divided by 16?
15
Let u(h) = -98*h + 11. Let z(y) = 33*y - 4. Let c(b) = 6*u(b) + 17*z(b). Suppose 3*q + 13 = 4. What is the remainder when c(q) is divided by 27?
25
Suppose 11 = -3*a + 44. What is the remainder when (9/(-4) + 4)*(22 + 2) is divided by a?
9
Suppose -4*p = z - 11, z = p + 2*z - 2. Suppose -2*r + 9 = p. Suppose 0 = -r*u + 4*u - 7. Calculate the remainder when 13 is divided by u.
6
Let a = -24 - -38. What is the remainder when 41 is divided by a?
13
Let h(l) = l - 3. Let w be h(7). Suppose -f + 16 = 2*u, -f + u + 69 = 4*f. Calculate the remainder when 2024/77 + w/(-14) is divided by f.
12
Let p be (12/18)/((-1)/(-9)). Suppose p = -0*h + 3*h. Suppose -h*q = -22 + 8. What is the remainder when 20 is divided by q?
6
Let p(q) = q**2 - 10*q - 25. Calculate the remainder when 52 is divided by p(13).
10
Let w = -4 + 14. What is the remainder when w is divided by (2 + (-3 - -2))*6?
4
Let v(r) = r**3 - 6*r**2 + 2*r + 2. Calculate the remainder when v(6) is divided by 7.
0
Suppose k + 4*c - 102 = 0, 2*k + 5 - 197 = -4*c. Suppose -m = m - k. What is the remainder when m is divided by 12?
9
Let y = 46 - 24. What is the remainder when y is divided by 6?
4
Suppose 0 = a - 6*a + 90. Calculate the remainder when a is divided by 7.
4
Let u(v) = -v + 12. Suppose 2*j + 7 = 87. Calculate the remainder when j is divided by u(-9).
19
Let o = -5 + 11. Suppose 5*a - o + 26 = 0. What is the remainder when 9*(-2 - -1 - a) is divided by 14?
13
Suppose 0 = -3*c + 5*k, 0 = -5*c + 4*k + 5 + 8. What is the remainder when 47 is divided by c?
2
Suppose 3*s - 17 = s - r, -3*r = -2*s + 5. Calculate the remainder when 25 is divided by s.
4
Let z = 41 - 33. What is the remainder when 47 is divided by z?
7
Suppose -3*d + 34 = 2*d - h, 0 = -d - 3*h - 6. Suppose -d = 4*i - 54. What is the remainder when 34 is divided by i?
10
Let t be ((-5)/(-3))/((-2)/18). Calculate the remainder when -3 - 8/12*t is divided by 2.
1
Let z(o) = -o**2 - 6*o + 2. Let f be z(-7). Let r = -7 - f. Calculate the remainder when 19 is divided by 1 + (-22)/(-2) + r.
9
Let r(k) = -4*k**3 - 2*k**2 - 3*k - 1. Suppose -3*o + o - 3*c = -47, 4*c - 73 = -3*o. Suppose 5*a - o = 19. What is the remainder when r(-2) is divided by a?
9
Suppose -2*a + 64 - 18 = 0. Calculate the remainder when a is divided by (144/60)/((-6)/(-20)).
7
Suppose -3*v - 4*s - 4 = 0, -5*v + 2*s + 3*s + 5 = 0. Let a = 3 + v. Let u(i) = i**2 + 7*i + 8. Calculate the remainder when a is divided by u(-6).
1
Let w = 4 + -1. Let l(m) = 3*m**2 + m. Let u be l(-1). Suppose 0 = -0*f - f + u. What is the remainder when w is divided by f?
1
Let u = -2 + 4. Suppose -256 = -u*v - 56. Suppose 25 = 5*f - v. Calculate the remainder when f is divided by 9.
7
Let b = 402 - 370. Let f be 6/(-15) - (-3